9?
11, 8069
What are the prime factors of 11860?
2, 5, 593
List the prime factors of 8852.
2, 2213
What are the prime factors of 1495?
5, 13, 23
What are the prime factors of 159345?
3, 5, 3541
What are the prime factors of 2683?
2683
List the prime factors of 10816.
2, 13
What are the prime factors of 449?
449
List the prime factors of 21773.
21773
List the prime factors of 1584.
2, 3, 11
What are the prime factors of 12068?
2, 7, 431
What are the prime factors of 1225?
5, 7
What are the prime factors of 2215?
5, 443
List the prime factors of 79848.
2, 3, 1109
List the prime factors of 661.
661
List the prime factors of 27063.
3, 31, 97
What are the prime factors of 2593?
2593
List the prime factors of 1255.
5, 251
List the prime factors of 4381.
13, 337
What are the prime factors of 7844?
2, 37, 53
What are the prime factors of 859?
859
What are the prime factors of 82000?
2, 5, 41
What are the prime factors of 30443?
7, 4349
List the prime factors of 365.
5, 73
What are the prime factors of 25763?
25763
What are the prime factors of 2994?
2, 3, 499
List the prime factors of 4062.
2, 3, 677
List the prime factors of 65113.
19, 23, 149
List the prime factors of 27518.
2, 13759
What are the prime factors of 2483?
13, 191
What are the prime factors of 154470?
2, 3, 5, 19, 271
What are the prime factors of 2498?
2, 1249
List the prime factors of 9690.
2, 3, 5, 17, 19
What are the prime factors of 17048?
2, 2131
What are the prime factors of 122020?
2, 5, 6101
List the prime factors of 9830.
2, 5, 983
List the prime factors of 4380.
2, 3, 5, 73
List the prime factors of 1601.
1601
What are the prime factors of 893?
19, 47
What are the prime factors of 336?
2, 3, 7
What are the prime factors of 206?
2, 103
List the prime factors of 5921.
31, 191
List the prime factors of 4109.
7, 587
List the prime factors of 3740.
2, 5, 11, 17
List the prime factors of 3271.
3271
What are the prime factors of 32?
2
List the prime factors of 672.
2, 3, 7
What are the prime factors of 12466?
2, 23, 271
List the prime factors of 7570.
2, 5, 757
What are the prime factors of 997?
997
What are the prime factors of 18911?
18911
What are the prime factors of 871?
13, 67
What are the prime factors of 3080?
2, 5, 7, 11
What are the prime factors of 12022?
2, 6011
What are the prime factors of 5256?
2, 3, 73
What are the prime factors of 71384?
2, 8923
What are the prime factors of 20657?
7, 13, 227
What are the prime factors of 102846?
2, 3, 61, 281
List the prime factors of 5646.
2, 3, 941
What are the prime factors of 7619?
19, 401
List the prime factors of 28926.
2, 3, 1607
List the prime factors of 29746.
2, 107, 139
What are the prime factors of 24169?
24169
What are the prime factors of 26744?
2, 3343
What are the prime factors of 11249?
7, 1607
What are the prime factors of 1639?
11, 149
List the prime factors of 172.
2, 43
List the prime factors of 13117.
13, 1009
List the prime factors of 1349.
19, 71
What are the prime factors of 75350?
2, 5, 11, 137
List the prime factors of 94946.
2, 29, 1637
List the prime factors of 4039.
7, 577
What are the prime factors of 9129?
3, 17, 179
What are the prime factors of 52597?
149, 353
What are the prime factors of 148?
2, 37
List the prime factors of 71999.
71999
List the prime factors of 88142.
2, 44071
List the prime factors of 45.
3, 5
What are the prime factors of 399?
3, 7, 19
List the prime factors of 29812.
2, 29, 257
List the prime factors of 6672.
2, 3, 139
List the prime factors of 59830.
2, 5, 31, 193
What are the prime factors of 63347?
63347
What are the prime factors of 33768?
2, 3, 7, 67
List the prime factors of 48094.
2, 139, 173
What are the prime factors of 3553?
11, 17, 19
List the prime factors of 6148.
2, 29, 53
List the prime factors of 74606.
2, 7, 73
What are the prime factors of 233?
233
List the prime factors of 89965.
5, 19, 947
List the prime factors of 42256.
2, 19, 139
What are the prime factors of 2985?
3, 5, 199
List the prime factors of 1837.
11, 167
What are the prime factors of 56578?
2, 28289
What are the prime factors of 45296?
2, 19, 149
List the prime factors of 14039.
101, 139
List the prime factors of 1642.
2, 821
List the prime factors of 2347.
2347
What are the prime factors of 473?
11, 43
What are the prime factors of 46454?
2, 23227
What are the prime factors of 3719?
3719
List the prime factors of 1713.
3, 571
What are the prime factors of 1046?
2, 523
What are the prime factors of 10961?
97, 113
What are the prime factors of 565?
5, 113
What are the prime factors of 1158?
2, 3, 193
What are the prime factors of 46464?
2, 3, 11
What are the prime factors of 101552?
2, 11, 577
List the prime factors of 2421.
3, 269
List the prime factors of 625.
5
What are the prime factors of 1580?
2, 5, 79
What are the prime factors of 4387?
41, 107
List the prime factors of 426.
2, 3, 71
List the prime factors of 2023.
7, 17
List the prime factors of 8950.
2, 5, 179
What are the prime factors of 12488?
2, 7, 223
What are the prime factors of 36077?
43, 839
List the prime factors of 6624.
2, 3, 23
List the prime factors of 12603.
3, 4201
List the prime factors of 5910.
2, 3, 5, 197
What are the prime factors of 819?
3, 7, 13
What are the prime factors of 13450?
2, 5, 269
What are the prime factors of 1174?
2, 587
What are the prime factors of 14055?
3, 5, 937
What are the prime factors of 1080?
2, 3, 5
What are the prime factors of 467?
467
What are the prime factors of 82555?
5, 11, 19, 79
What are the prime factors of 48401?
29, 1669
List the prime factors of 12366.
2, 3, 229
What are the prime factors of 567?
3, 7
List the prime factors of 4178.
2, 2089
List the prime factors of 163315.
5, 89, 367
What are the prime factors of 963?
3, 107
What are the prime factors of 2487?
3, 829
List the prime factors of 26765.
5, 53, 101
What are the prime factors of 1618?
2, 809
What are the prime factors of 1266?
2, 3, 211
What are the prime factors of 3519?
3, 17, 23
List the prime factors of 10725.
3, 5, 11, 13
What are the prime factors of 130?
2, 5, 13
List the prime factors of 8804.
2, 31, 71
List the prime factors of 94.
2, 47
List the prime factors of 7357.
7, 1051
List the prime factors of 7552.
2, 59
What are the prime factors of 89?
89
What are the prime factors of 91721?
7, 13103
What are the prime factors of 4219?
4219
What are the prime factors of 14431?
14431
What are the prime factors of 642?
2, 3, 107
What are the prime factors of 6590?
2, 5, 659
What are the prime factors of 539?
7, 11
What are the prime factors of 29964?
2, 3, 11, 227
List the prime factors of 91068.
2, 3, 7589
List the prime factors of 127463.
7, 131, 139
What are the prime factors of 653?
653
List the prime factors of 18175.
5, 727
What are the prime factors of 13040?
2, 5, 163
List the prime factors of 108002.
2, 54001
List the prime factors of 521.
521
List the prime factors of 1262.
2, 631
What are the prime factors of 66091?
29, 43, 53
List the prime factors of 42703.
42703
List the prime factors of 489.
3, 163
What are the prime factors of 33675?
3, 5, 449
What are the prime factors of 651?
3, 7, 31
List the prime factors of 110126.
2, 17, 41, 79
What are the prime factors of 14827?
14827
List the prime factors of 3799.
29, 131
What are the prime factors of 13923?
3, 7, 13, 17
List the prime factors of 1054.
2, 17, 31
What are the prime factors of 22376?
2, 2797
List the prime factors of 1449.
3, 7, 23
List the prime factors of 3440.
2, 5, 43
List the prime factors of 34821.
3, 53, 73
List the prime factors of 7993.
7993
What are the prime factors of 30596?
2, 7649
List the prime factors of 2814.
2, 3, 7, 67
List the prime factors of 14897.
14897
What are the prime factors of 3468?
2, 3, 17
What are the prime factors of 8219?
8219
What are the prime factors of 2185?
5, 19, 23
List the prime factors of 19504.
2, 23, 53
List the prime factors of 1805.
5, 19
List the prime factors of 751.
751
List the prime factors of 15498.
2, 3, 7, 41
What are the prime factors of 222?
2, 3, 37
What are the prime factors of 30915?
3, 5, 229
What are the prime factors of 25299?
3, 937
List the prime factors of 27412.
2, 7, 11, 89
What are the prime factors of 5682?
2, 3, 947
List the prime factors of 15391.
15391
List the p